11
Suppose 3*d + 15 = 3*v, -3*v + d = -4*v - 1. Let j = -5 - -9. Let n(c) = -4 - 2*c + j. Determine n(v).
-4
Let z(q) be the second derivative of -q**4/12 + 3*q**3/2 - q**2/2 + q - 18. Determine z(6).
17
Suppose 0 = -2*v - 4*o, -3 = -2*v + 4*v + o. Let g(a) = -2*a**2 + a - 2. Let n(c) = -4*c**2 + 2*c - 3. Let h(l) = -7*g(l) + 4*n(l). Calculate h(v).
-8
Let o(d) = -5*d + 5 - 17*d + 23*d. Let f = 10 + -4. What is o(f)?
11
Let m(o) = -2 - 40*o**3 + 1 + 51*o**3. What is m(1)?
10
Suppose 0 = 2*a - 0 - 8. Suppose a*j - 5 - 3 = 0. Let q(l) = 0*l**2 - l**j + 0*l**2 + 2 + l. Give q(0).
2
Let k(v) = 3*v**2 - 4*v - 3. Let t be k(3). Let b = 10 - t. Let w(x) = x**2 - x. What is w(b)?
6
Let y = 14 - 14. Let i(g) = -5 + y*g + 4*g - 7*g. Give i(-4).
7
Suppose -4*v - 2 = 6, 2*i = -5*v - 2. Let s(l) = -l**2 + 6*l + 3. Let b be s(6). Let o(r) = -r + 1. Let x(n) = -1. Let y(m) = b*o(m) - x(m). Calculate y(i).
-8
Let f be (-105)/(-25) + (-1)/5. Suppose 5*u - 4 = 4*b, -u + 12 = b + 4. Let m = u - f. Let a(n) = n**2 + n - 3. What is a(m)?
-3
Let t(z) be the first derivative of -2/3*z**3 - 1/12*z**4 + 2 + 0*z - 1/30*z**5 + 0*z**2. Let r(o) be the third derivative of t(o). Determine r(-2).
6
Suppose 0 = -0*m - 5*m. Suppose -5*s = -15 - 5. Let d(k) = 4*k**3 + k**3 - 8 + 3*k - s*k - 4*k**3. Determine d(m).
-8
Let p(v) = -1 + 4*v - 16*v + 5*v. Give p(1).
-8
Let l(n) = -2*n**2 + n + 6. Let h(q) = -5*q**2 + 3*q + 17. Suppose 0 = 3*o - j - 25, 36 = 5*o + 2*j - 2. Let i(g) = o*l(g) - 3*h(g). Determine i(-3).
-9
Let j(t) = -10*t. Let o be (-1)/2 + (-33)/(-6). Suppose 0 = o*y - 4 - 1. Calculate j(y).
-10
Let z(c) = -6*c + 4. Let n(j) = -j**3 + 2*j**2 - j. Let a be n(2). Let m be -3 - -2*a/(-2). Let l(o) = -o + 1. Let d(y) = m*z(y) + 5*l(y). What is d(1)?
2
Let v(b) = 3*b**3 + b**2 + 4*b - 3. Let r be v(2). Suppose -4*t = 5*c - r, 3*t - 7 = -2*c + 9. Let m(j) = -2*j**3 + 4*j**2 - 3*j + 2. Calculate m(t).
-4
Let q(t) = -22*t + 9 + 7*t + 14*t. Determine q(7).
2
Suppose d - 3*d = -2. Let f(q) = -q**2 + q**3 + 0 - 6*q**3 - 1 + q. Give f(d).
-6
Let f(g) = g**3 - g - 2. Suppose -3*a - 12 = v, 4*v - v = 3*a - 84. Let q = 16 + v. Let x = 6 + q. Give f(x).
-8
Let n(f) = f - 1. Suppose -4*k = 5*l + 8, 3*k + 2*k = -4*l - 1. What is n(k)?
2
Let a(d) = -8*d - 6. Let c be a(-1). Let k(i) be the first derivative of 1 + 3/2*i**c + 3*i. Give k(-5).
-12
Let a(k) be the third derivative of 1/12*k**4 - 1/40*k**6 + 1/60*k**5 + 0 + 2*k**2 + 0*k + 1/6*k**3. Calculate a(-1).
3
Let z(h) = -h**3 + 4*h**2 - 3. Let f be z(3). Let u(j) = -2*j. What is u(f)?
-12
Suppose -13 = -4*j + 3. Suppose 0 = 3*t - j*d + 11, -2*d = 2*t - 6*d + 14. Let m(b) = b + 0*b**2 + 3*b**2 + 1 + 0 + b**t. Calculate m(-2).
3
Let r(x) = -x**2 + 8*x - 9. Let i be 18/(-4)*(2 - 30/9). Give r(i).
3
Let q be (-1)/(-1)*-3 - -1. Let j be (q/(-8))/((-8)/(-32)). Let b(v) = -1 + 3*v**3 + 5*v**3 + 2*v**2 - 3*v**3. Calculate b(j).
6
Let u = -1 - -4. Let v(k) = 1 - u*k**2 + 3*k**2 + 3*k**2. Suppose 5*y - 2*a = -5*a + 10, 2*y - 2*a = -12. Calculate v(y).
4
Let m(g) = g**2 + 4. Let x be (0 - 1)*5*-4. Suppose 2*r + 3*r = -x. Let s(z) = -3*z**2 + z - 11. Let a(v) = r*s(v) - 11*m(v). What is a(4)?
0
Let h be 3 + 1/(3/(-24)). Let k(b) be the third derivative of -b**5/60 - 5*b**4/24 + 5*b**3/6 + 2*b**2. What is k(h)?
5
Let o(b) = -b - b + 3*b**2 + 2*b - 2*b. Give o(2).
8
Suppose -33*k = -6*k. Let y(r) be the second derivative of -r**3/6 + 11*r**2/2 + r. Give y(k).
11
Let y(b) = b**2 + 3*b - 4. Let a be 37 - 39 - (-1)/(1/(-5)). What is y(a)?
24
Let p(t) = -6*t**3 + t. Let b = 67 + -68. Determine p(b).
5
Let u(k) = 7*k**2 + k**3 + 58*k - 12 - 59*k + 2. Give u(-7).
-3
Let x(d) = 3 + d**2 + 2*d - 3*d - 6*d + 3. Let q = -10 - -15. Suppose 2*m + 2 = 2*z, -q = -4*z - m + 19. Calculate x(z).
-4
Let u(s) = -2*s - 5 + 3 - s**2 + s. Give u(-3).
-8
Let k(b) = b**2 - 6*b + 2. Let o = 65 + -59. Calculate k(o).
2
Let l(b) be the third derivative of 0*b + 8*b**2 - 1/60*b**5 + 0 + 2/3*b**3 - 1/8*b**4. Calculate l(-3).
4
Let b(o) = o. Let q(v) = 4*v - 3. Let p(n) = -n**3 - n**2 - 1. Let w be p(-1). Let a(r) = w*q(r) + 2*b(r). Let s be a(4). Let d(i) = i**2 + 5*i - 7. Give d(s).
-7
Let h(z) = -z - 1. Suppose -4*c + 2*f = 12, 2 = -3*c - f - 12. Let t be (-1 + -1 - 0) + 5. Let v = t + c. Calculate h(v).
0
Let w be (-56)/(-21) + 1/3. Let k(b) = -10 - 4*b + 5*b - 3*b + w*b. Give k(5).
-5
Suppose 0 = s + 10 - 8. Let q(l) = 2*l**2 + 4*l + 3. Give q(s).
3
Suppose 5*y + 11 = -0*s + s, 0 = -3*y - 3. Let r(k) = k**3 - 6*k**2 - 4*k + 5. Determine r(s).
-19
Suppose -12 = p - 4*r + 7, 0 = p - 5*r + 23. Let k(i) = i**2 + 3*i + 2. What is k(p)?
2
Let h(c) = -16*c**3 + 41*c**2 - 9*c - 5. Let s(z) = 3*z**3 - 8*z**2 + 2*z + 1. Let a(o) = -2*h(o) - 11*s(o). Determine a(5).
4
Let p(m) = m**3 + 7*m**2 + 9*m + 2. Let d be ((-18)/(-9))/((-1)/3). What is p(d)?
-16
Let v(t) = -5*t + 3*t + 2 - 1. Give v(4).
-7
Let q(o) = 2*o + 1 - 1. Let t be q(-2). Let w(n) = 2*n + 4. Let u(h) = -3*h - 6. Let g(z) = 5*u(z) + 8*w(z). What is g(t)?
-2
Suppose 4*t = -0 + 24. Let u(j) be the first derivative of j**2/2 + j + 3. Calculate u(t).
7
Let j(k) = k + 2. Let b(t) = -t - 3. Let r(l) = 3*b(l) + 4*j(l). Let w = -1 + 0. Give r(w).
-2
Let z(a) be the second derivative of -a**3/3 - a**2 - a - 8. Suppose -b + w + 3 = 7, 6 = 3*w. Give z(b).
2
Suppose -78*i + 79*i + 6 = 0. Let u(d) = d**3 + 6*d**2 - d - 6. Give u(i).
0
Let w be -1 + (4 - (-1 + 2)). Let u = -3 + w. Let a(h) = -9*h**3. Determine a(u).
9
Let f = 3 + -2. Let w(c) = -4 - f + c - 3*c + c**2. Let b = 5 - 1. Give w(b).
3
Let b(c) = -c**2 + 12*c + 2. Let j be b(12). Suppose -f + 3*f = j. Let g(u) = 5*u - 1. Give g(f).
4
Suppose -6*d + 30 = -d. Let o be d/(-4)*40/12. Let t(u) = u**2 + 5*u + 7. Calculate t(o).
7
Suppose -2*w + 10 = -4*w. Let j(l) = 7*l**3 - 12*l**2 + 7*l - 5. Let f(q) = -6*q**3 + 11*q**2 - 6*q + 4. Let c(o) = w*j(o) - 6*f(o). Give c(6).
7
Let u(s) = -4*s**3 + 3*s**2 + 1. Let r(h) = h**3 + h**2. Let f(w) = -3*r(w) - u(w). Let j be f(6). Let i(d) = d + 1. Give i(j).
0
Let p(k) = -k**3 - 4*k**2 + 2*k + 1. Suppose 2 = f - 1. Let c(x) = -2*x**3 - 4*x**2 + x + 1. Let g(m) = f*p(m) - 2*c(m). Give g(3).
4
Let z(h) = -h**2 - 9*h + 12. Let p = -16 - -6. Let y be z(p). Let u be 1/(-2)*y - 2. Let n(s) = s**3 + 4*s**2 + 3*s - 3. What is n(u)?
-3
Let y(i) = i**3 - i**2 + i + 2. Let z be ((-6)/15)/(-1)*5. Suppose 24 = 2*c + h, -23 = -c + z*h - 1. Suppose 3*a = 2*v - 8, 4*v - c = 4*a + 2. Calculate y(a).
2
Let q(d) = -d**2 - 4*d - 4. Let f be q(-3). Let z be -4*3*f/3. Let b(s) = -s**3 + 6*s**2 - 6*s + 6. Calculate b(z).
14
Let v be (3 + (-10)/2)*-1. Let o(i) = i + 2 - i - i. What is o(v)?
0
Let y(q) = 6*q + 1. Let z be y(1). Suppose -i = 4*v - 21 + z, 2*v = -i + 8. Let a(r) = 3*r**3 + 3 + 3*r**2 - 5*r - 2*r**3 + r**i. Give a(-5).
3
Let k(i) = -i**2 + i + 3. Let a be k(0). Let r(g) = -9 + a*g - 4*g + 10. Determine r(-2).
3
Let g(i) be the third derivative of i**4/4 + i**3/2 - 4*i**2. What is g(-2)?
-9
Suppose 2*t + n - 4 = -2, 3*t + 8 = 4*n. Let h(v) = v + 4. Determine h(t).
4
Let y(s) = -6*s + 4. Let m(a) = -a + 4. Let o be m(5). Let j(f) = f**2 + 1. Suppose 0 = 4*k - 2 - 2. Let l(c) = k*j(c) + o*y(c). Determine l(-5).
-8
Let i(q) = 9*q. Let t be i(-1). Let c(v) = 13*v**2 + 24*v + 15. Let x(f) = 3*f**2 + 6*f + 4. Let d = 34 - 32. Let y(z) = d*c(z) + t*x(z). Determine y(-4).
2
Let x(z) = -9*z. Let o = -9 + 8. Determine x(o).
9
Suppose -5*j + 4*o = 5*o - 5, 4*o = 0. Let c(r) = -r**3 + r**2 - r. Calculate c(j).
-1
Suppose -25 = -0*i + 5*i. Let d(o) = -3*o + 3 + 5 - 3 - 3*o - o**2. Calculate d(i).
10
Let i(s) = -3*s**2 + s - 2 + 2*s + s + 0*s - s**3. Let d(g) be the second derivative of -g**4/12 + 11*g**3/6 - 2*g**2 + 2*g. Let h be d(11). What is i(h)?
-2
Let s be (-25)/(-50) + 10/4. Let u(a) = a**2 - a - 4. Calculate u(s).
2
Suppose -v - 3 = -2*c + 3, -4*c = 4*v. Let y(a) = -a**3 - 2*a**2 - a - 2. What is y(v)?
0
Let n(z) be the second derivative of 3*z**5/20 + z**4/12 - z**2/2 - 63*z. Give n(-1).
-3
Let y(w) = 4*w - 57. Let n be y(14). Let g(i) = 12*i + 1. Give g(n).
-11
Let o(b) be the second derivative of -b**5/20 - b**4/12 + 19*b. Calculate o(-1).
0
Let g(f) = -6*f - 5. Let n(b) = -b**2 - 5*b + 1. Let i be n(-6). Let o(k) = -7*k - 3 - 3 + 0*k. Let h(u) 